multiple of 373?
True
Is 124 a factor of 785292?
True
Does 33 divide 5326603?
False
Is 188 a factor of 3059888?
True
Is 113904 a multiple of 144?
True
Is 839 a factor of 7409481?
False
Is 14 a factor of 158109?
False
Does 764 divide 382896?
False
Does 298 divide 5704018?
True
Is 67 a factor of 2932791?
True
Does 34 divide 33203?
False
Does 41 divide 4425119?
False
Is 393477 a multiple of 24?
False
Does 101 divide 12792400?
False
Is 750 a factor of 14649750?
True
Does 107 divide 6807875?
True
Is 222848 a multiple of 122?
False
Is 158796 a multiple of 36?
True
Does 577 divide 2450572?
False
Does 37 divide 1397379?
True
Is 488 a factor of 1579785?
False
Does 512 divide 3779467?
False
Is 69747 a multiple of 3?
True
Is 7 a factor of 58516?
False
Is 181 a factor of 6348033?
False
Is 24 a factor of 961627?
False
Is 452190 a multiple of 30?
True
Is 420342 a multiple of 78?
True
Does 6 divide 147438?
True
Is 21348 a multiple of 18?
True
Is 61040 a multiple of 218?
True
Is 645 a factor of 893325?
True
Is 19233 a multiple of 2?
False
Is 70273 a multiple of 9?
False
Is 696 even?
True
Does 8 divide 207160?
True
Is 14950038 a multiple of 51?
True
Is 55119 a multiple of 91?
False
Is 3879978 a multiple of 232?
False
Does 60 divide 501777?
False
Does 21 divide 1222851?
True
Does 9 divide 5964398?
False
Does 11 divide 564553?
True
Is 99 a factor of 312543?
True
Is 36 a factor of 315982?
False
Is 369787 a multiple of 42?
False
Does 10 divide 594970?
True
Does 19 divide 3037214?
False
Is 22 a factor of 8932?
True
Is 25740 a multiple of 98?
False
Does 220 divide 110464?
False
Is 267786 a multiple of 57?
True
Does 9 divide 28420?
False
Is 2792069 a multiple of 19?
True
Does 19 divide 188882?
False
Is 576 a factor of 2620800?
True
Does 222 divide 1027367?
False
Does 833 divide 6682115?
False
Is 20 a factor of 230568?
False
Is 12 a factor of 6276924?
True
Is 7728688 a multiple of 996?
False
Does 22 divide 20226899?
False
Is 991993 a multiple of 12?
False
Is 139563 a multiple of 71?
False
Is 10 a factor of 450087?
False
Does 298 divide 425523?
False
Is 249416 a multiple of 36?
False
Does 18 divide 64537?
False
Is 19 a factor of 197372?
True
Is 59 a factor of 246435?
False
Is 107 a factor of 5204394?
False
Is 64110 a multiple of 18?
False
Is 28722 a multiple of 6?
True
Does 593 divide 6164235?
True
Is 12 a factor of 2203731?
False
Does 49 divide 993034?
True
Is 27 a factor of 1726601?
False
Is 1065 a factor of 6531948?
False
Is 13544051 a multiple of 152?
False
Does 33 divide 1423356?
True
Does 16 divide 493632?
True
Is 15 a factor of 921105?
True
Is 5 a factor of 9141?
False
Is 19 a factor of 2209396?
True
Is 4613530 a multiple of 74?
True
Is 19203912 a multiple of 156?
True
Does 8 divide 224112?
True
Is 13 a factor of 99522?
False
Is 116 a factor of 4933480?
True
Is 4 a factor of 5015?
False
Does 32 divide 166310?
False
Does 54 divide 79959?
False
Is 7794784 a multiple of 127?
False
Is 62573 a multiple of 49?
True
Is 30 a factor of 162872?
False
Is 227808 a multiple of 48?
True
Is 300600 a multiple of 15?
True
Is 11 a factor of 62624?
False
Is 339 a factor of 103734?
True
Is 149844 a multiple of 4?
True
Is 2 a factor of 10097?
False
Does 95 divide 231084?
False
Is 107 a factor of 1987311?
True
Is 24840 a multiple of 135?
True
Is 16 a factor of 99424?
True
Is 198818 a multiple of 465?
False
Is 2248932 a multiple of 82?
True
Is 137 a factor of 7415262?
True
Is 6590052 a multiple of 44?
False
Is 452137 a multiple of 27?
False
Does 58 divide 1444402?
False
Is 12683099 a multiple of 121?
True
Does 125 divide 156875?
True
Is 224 a factor of 181216?
True
Is 1319 a factor of 8713825?
False
Is 145674 a multiple of 39?
False
Does 8 divide 266808?
True
Is 497 a factor of 422842?
False
Is 118190 a multiple of 202?
False
Is 19 a factor of 7775731?
True
Is 126 a factor of 3326700?
False
Is 1448694 a multiple of 13?
True
Is 3326478 a multiple of 562?
True
Is 3058458 a multiple of 1041?
True
Does 115 divide 5255394?
False
Is 20 a factor of 25241?
False
Does 30 divide 3853770?
True
Is 17547081 a multiple of 94?
False
Does 28 divide 82992?
True
Is 116613 a multiple of 9?
True
Is 9 a factor of 123758?
False
Is 2247 a multiple of 51?
False
Is 19205 a multiple of 115?
True
Is 489 a factor of 942303?
True
Does 39 divide 116376?
True
Is 40 a factor of 498000?
True
Is 92759 a multiple of 137?
False
Is 13733440 a multiple of 1067?
False
Is 4341595 a multiple of 23?
True
Is 2416649 a multiple of 36?
False
Does 39 divide 10959?
True
Is 4442685 a multiple of 277?
False
Does 12 divide 4020849?
False
Is 2590678 a multiple of 149?
False
Does 70 divide 3622780?
True
Is 1073 a factor of 5183663?
True
Is 172165 a multiple of 35?
True
Does 4 divide 15248?
True
Is 6439072 a multiple of 16?
True
Does 15 divide 720720?
True
Is 13 a factor of 2035846?
False
Is 2978040 a multiple of 552?
True
Is 16 a factor of 312945?
False
Is 56 a factor of 279076?
False
Is 9669456 a multiple of 324?
True
Does 85 divide 36550?
True
Does 16 divide 7748623?
False
Is 27 a factor of 2384424?
True
Is 825529 a multiple of 269?
False
Is 71 a factor of 670192?
False
Is 152320 a multiple of 238?
True
Does 1481 divide 1077555?
False
Is 39 a factor of 6552?
True
Does 35 divide 1637825?
True
Does 8 divide 1331696?
True
Does 691 divide 14655419?
True
Does 8 divide 6784?
True
Is 29 a factor of 10404?
False
Is 2067467 a multiple of 137?
True
Does 11 divide 449534?
False
Does 368 divide 1688752?
True
Is 66 a factor of 827577?
False
Is 4 a factor of 335393?
False
Does 72 divide 2630952?
True
Is 118 a factor of 1712932?
False
Does 72 divide 309862?
False
Is 11930 a multiple of 10?
True
Is 42273 even?
False
Is 20 a factor of 9609700?
True
Does 3 divide 1814281?
False
Is 54 a factor of 842508?
True
Does 39 divide 1038536?
False
Is 11303 a multiple of 89?
True
Does 96 divide 557865?
False
Is 178684 a multiple of 11?
True
Is 975880 a multiple of 47?
False
Is 107 a factor of 81427?
True
Is 62 a factor of 12203460?
True
Is 142160 a multiple of 13?
False
Is 451 a factor of 300568?
False
Does 28 divide 1967840?
True
Does 11 divide 1859197?
False
Is 4064 a multiple of 127?
True
Is 210 a factor of 68250?
True
Is 24 a factor of 1997022?
False
Is 7 a factor of 45997?
True
Is 417 a factor of 10323669?
True
Is 42561705 a multiple of 15?
True
Is 207851 a multiple of 23?
True
Does 136 divide 97445?
False
Is 154376 a multiple of 4?
True
Is 18 a factor of 2973834?
True
Is 308 a factor of 1946499?
False
Is 1160766 a multiple of 354?
True
Does 16 divide 1435965?
False
Is 2585090 a multiple of 31?
True
Is 122081 a multiple of 219?
False
Is 94 a factor of 28764?
True
Is 14 a factor of 24922?
False
Is 193259 a multiple of 3?
False
Does 867 divide 6195567?
False
Is 519917 a multiple of 69?
False
Is 44 a factor of 182820?
True
Is 88879 a multiple of 90?
False
Is 224037 a multiple of 9?
True
Does 10 divide 124230?
True
Is 8091 even?
False
Is 59 a factor of 114401?
True
Is 118431 a multiple of 8?
False
Is 8636992 a multiple of 64?
True
Is 18 a factor of 402624?
True
Is 48 a factor of 18916?
False
Is 174211 a multiple of 16?
False
Is 152245 a multiple of 410?
False
Is 16 a factor of 21938?
False
Does 11 divide 84414?
True
Is 6 a factor of 143574?
True
Is 5018458 a multiple of 106?
False
Is 88008 a multiple of 38?
True
Is 23 a factor of 803016?
False
Does 7 divide 15020?
False
Does 663 divide 7780305?
True
Does 260 divide 1312480?
True
Is 104 a factor of 889200?
True
Does 22 divide 1470306?
False
Is 14791314 a multiple of 2008?
False
Is 17 a factor of 35725?
False
Does 197 divide 11680524?
True
Is 819661 a multiple of 143?
False
Is 83902 a multiple of 14?
True
Does 55 divide 643225?
True
Does 61 divide 269349?
False
Is 2396280 a multiple of 4?
True
Is 1739176 a multiple of 164?
False
Does 12 divide 208992?
True
Does 11 divide 603365?
False
Is 803 a factor of 279550?
False
Does 417 divide 1590855?
True
Does 43 divide 370445?
True
Does 9 divide 1372347?
True
Is 322944 a multiple of 48?
True
Does 444 divide 86712?
False
Is 17 a factor of 228871?
True
Is 582144 a multiple of 384?
True
Is 9 a factor of 1018686?
False
Is 860913 a multiple of 47?
False
Is 136 a factor of 136728?
False
Is 475 a factor of 968525?
True
Is 12973946 a multiple of 92?
False
Is 2056148 a multi